 2*r = w - 16. Suppose u = -3*a - 4*u + 28, 3*a + 2*u = 40. What is the highest common factor of w and a?
16
Suppose g = -4*y + 12, 160 = 2*g + 3*g - 5*y. Calculate the highest common divisor of g and 28.
28
Let w(o) = o**3 + 6*o + 4. Let t be w(-2). Let u = -13 - t. Calculate the greatest common factor of 15 and u.
3
Suppose 0 = b + 2*j + 25, -4*b - 69 = 3*j + 26. Let c = -12 - b. Calculate the highest common factor of 99 and c.
11
Suppose -109 = -14*l + 157. Suppose 21*c - l*c = 102. What is the greatest common factor of c and 34?
17
Let m = -27 - -111. Suppose 12*r - 15*r = -m. Calculate the greatest common divisor of r and 70.
14
Let a be 12*((-33)/9 - 0). Let j be 4 + a/(-4) - 3. Let c be (-4)/j*3 + 71. Calculate the highest common factor of c and 7.
7
Let c(n) = -n**2 + 23*n - 2. Let o be c(19). Suppose 12*r - o - 10 = 0. What is the highest common factor of 56 and r?
7
Let g(r) = -r**3 + 11*r**2 + 26*r + 2. Let u be g(13). Let i be u*(5 + -3) - -16. Calculate the greatest common divisor of 20 and i.
20
Let s(a) = 4*a - 3*a + 3*a - 1 - 5*a + 3*a**2. Let x be s(2). Suppose x*l = 4*l + 10. Calculate the highest common factor of 4 and l.
2
Suppose 0 = -2*g + 3*g - 35. Let u(c) be the first derivative of -5*c**2/2 - 6*c - 14. Let d be u(-4). Calculate the highest common divisor of d and g.
7
Suppose 12*f = 43*f - 3627. What is the highest common factor of 91 and f?
13
Let m(b) = -b**3 - b + 2. Let s be m(-2). Let z be -1 + (3 - 5 - -3)*11. Let n = s + z. What is the greatest common factor of 11 and n?
11
Suppose -2*u + 135 = 3*b, -u - 3*u - 2*b + 258 = 0. Let h = -52 + u. What is the highest common factor of h and 44?
11
Suppose 3*x - 2*x = -4*d + 2, -3*d = -4*x + 27. Suppose 4*i - x = -5*q, -16 = -5*q + i - 5. Let g = -4 + 6. What is the highest common factor of g and q?
2
Suppose 4*n + 175 = -3*y, 0 = n + 2*y + y + 55. Let p be 8/(5*(-2)/n). Calculate the highest common divisor of p and 352.
32
Suppose 0 = 6*k - 17*k + 209. Suppose -704 = -k*z + 8*z. Calculate the highest common factor of z and 32.
32
Let l = -39 - -35. Let r be (0 - 18)*l/12*10. What is the greatest common divisor of r and 20?
20
Let a be ((-47)/3)/((-46)/2208). What is the highest common divisor of 47 and a?
47
Let z be -4 + 9/(18/32). Let m(g) = g**3 - 11*g**2 - 10*g - 10. Let r be m(z). Calculate the highest common factor of 35 and r.
7
Suppose -5*w + 617 = 2*c - 455, w - 5*c = 236. Let a be 0 + (-4)/((-4)/27). Calculate the greatest common factor of a and w.
27
Let l(a) = -a**2 - 6*a - 6. Let x be l(-4). Suppose x*h - 1155 = -3*h. Calculate the greatest common divisor of 33 and h.
33
Let d(v) = -2*v**3 + 32*v**2 + 15. Let t be d(16). Suppose 1 = 2*m - 5. Suppose m*o = 2*o + 45. Calculate the highest common factor of o and t.
15
Suppose 6*s - 11*s = -55. Suppose -4*t - s = 109. Let k be (-78)/t + 6/(-10). Calculate the highest common factor of 16 and k.
2
Let n(y) = -4*y + 2. Let g be n(-3). Let w = 24 - g. What is the greatest common factor of 110 and w?
10
Let w be ((-16)/6)/((-13)/78). What is the greatest common divisor of 400 and w?
16
Let p(n) = 4*n - 2. Let d be p(1). Let t be (40/d)/((-8)/(-4)). Calculate the highest common factor of t and 30.
10
Let s be (-14 - 75) + (-2 - 2). Let x be 2*1/8 - s/12. What is the highest common factor of 16 and x?
8
Let r be 22 - (2 - -2 - 4). Let m be r/55 + (-1446)/(-10). Suppose u - 26 = 32. What is the greatest common factor of m and u?
29
Let x(k) = -k + 24. Let m = 39 - 17. Suppose -r + 5*p + m = -3, 15 = 3*r - 3*p. Let j be x(r). Calculate the greatest common divisor of j and 16.
8
Let b = 2104 - 820. Calculate the greatest common factor of 36 and b.
12
Let r(m) = 2*m**3 + 20*m**2 - m + 3. Let l be r(3). Calculate the highest common divisor of 104 and l.
26
Suppose 0 = 58*w - 22*w - 5508. What is the greatest common factor of w and 9?
9
Suppose -78 = -19*c + 16*c. Calculate the highest common divisor of c and 104.
26
Suppose 269*s - 273*s + 64 = 0. Suppose 3*z = 193 + 191. Calculate the highest common factor of s and z.
16
Suppose -7 = -b - 2. Suppose 3*a - b = 4. Suppose a*x = -0*x + 525. Calculate the greatest common factor of 25 and x.
25
Let c be (-41 - -197)/((-1)/(-6)*1). Calculate the greatest common factor of c and 9.
9
Let p(q) = 53*q**2 - q - 14. Let m be p(-5). Let o be m/10 - (-7 - (-99)/15). What is the highest common divisor of o and 12?
12
Let g(m) = m**2 - 35*m + 20*m + 17*m. Let d be g(-2). Suppose -15*y + 10*y + 770 = d. Calculate the greatest common divisor of 14 and y.
14
Suppose 40*a - 38*a - 6 = 0. Suppose 0 = u - 2*j - 46, 0*j = 2*u - a*j - 89. Calculate the greatest common factor of u and 10.
10
Let f(s) = -79*s - 507. Let a be f(-8). Calculate the highest common factor of 275 and a.
25
Let h = 331 + -221. Calculate the greatest common divisor of 55 and h.
55
Let l = -63 - -63. Suppose l = -2*p - 3*i + 238, 2*i = p - 73 - 60. What is the highest common divisor of 25 and p?
25
Let f(t) = 3*t**2 - 44*t + 33. Let u be f(14). Let j = -1 - -1. Suppose 20 = u*h - j*h. What is the greatest common factor of h and 32?
4
Let l = -174 - -318. Suppose -204*p = -207*p + 108. What is the greatest common factor of l and p?
36
Let f(a) = -a**3 - 10*a**2 - 23*a + 18. Let h be f(-6). Suppose 3*l + 35 = 5*y - 2*l, -3*y + 29 = l. Calculate the greatest common divisor of y and h.
3
Let j be 8/6*12/8. Suppose a = -3*k + 160, 0*a + 284 = j*a - 3*k. Suppose 3*p = 4*q - a, -q - 3*p + 132 = 2*q. Calculate the greatest common divisor of q and 8.
8
Let w(s) = 593*s**3 - 3*s**2 + s - 1. Let r be w(1). What is the highest common divisor of 20 and r?
10
Let t be (-4 + -4 - 1) + 72. Let f = 19 - 12. What is the highest common divisor of t and f?
7
Let l(i) = i**3 + i**2 - 2. Let w(d) = -4*d**3 - 11*d**2 - d - 2. Let z(b) = -3*l(b) - w(b). Let v be z(-4). Calculate the greatest common factor of v and 85.
17
Suppose 4*z - 80 = -w - w, -66 = -4*z + 5*w. Suppose -2*g - 7 = -z. Suppose g = -o + 22. Calculate the highest common factor of 8 and o.
8
Let i = 1523 + -1475. Calculate the highest common factor of 18 and i.
6
Suppose 2*t - 4*s = 2, -5*s + 13 = 2*t + 2. Suppose 0 = q - t, 5*y + q - 53 = 0. Calculate the greatest common divisor of 25 and y.
5
Suppose 2*f + 96 = 3*a, 2*a + 3*f - 44 = 7. Let q be ((-2)/(-2))/(6/a). Let p be 15*(3 - 13/q). Calculate the greatest common divisor of 15 and p.
3
Suppose 3*y - 5*z = 60 + 105, -2*y + 2*z + 114 = 0. Calculate the greatest common divisor of y and 36.
12
Let q be (-25)/10 + 3 + 382/4. Let l be (-2)/(-8) - 62/(-8). Calculate the highest common divisor of l and q.
8
Let h(a) = a**2 - 4*a + 3. Let y = -2 - -8. Let w be h(y). Calculate the greatest common factor of w and 5.
5
Let n(h) = 41*h - 263. Let w be n(13). Calculate the greatest common factor of w and 36.
18
Let h be (-4)/(0 + -1)*1. What is the highest common divisor of 76 and h?
4
Suppose -3*d = -4*g + 79, -3*d + g = -g + 77. Let x be (13 + d)*14/(-8). Let j be 2/(-8) - (-2105)/20. What is the highest common divisor of x and j?
21
Let s = -7 + 18. Let v = 389 + -682. Let k = -172 - v. What is the highest common divisor of k and s?
11
Let l = 73 + 10. Calculate the greatest common factor of l and 913.
83
Let r(n) = -n**3 - 3*n**2 + 30*n + 8. Let q be r(4). Let b(y) = 6*y**2 - y - 1. Let p be b(5). What is the greatest common divisor of p and q?
16
Suppose -17*f + 25*f - 224 = 0. What is the greatest common divisor of 84 and f?
28
Suppose 24*b - 4*b = 4900. What is the highest common divisor of 70 and b?
35
Let w(z) = -8*z - 7. Let m(j) = 4*j + 3. Let s(o) = -13*m(o) - 6*w(o). Let p be s(6). Let q be p/(-14)*4/3. Calculate the greatest common divisor of 5 and q.
1
Suppose -10*v + 7215 = 29*v. Calculate the highest common divisor of v and 5.
5
Let s(b) = -b**3 + 10*b**2 + 10*b + 15. Let n be s(11). Suppose -6 + n = -m. Let i be (-4)/4 - m - -45. What is the greatest common divisor of i and 6?
6
Suppose -139*u = -16428 - 35280. Calculate the highest common divisor of 108 and u.
12
Suppose -5*n - 5*t = -10, 5*n + 79*t - 75*t = 10. Calculate the greatest common divisor of n and 29.
1
Let a = 8 + -2. Let i(t) = -t**2 + 11*t - 12. Let b be i(8). Let n be (-9)/(-3) + b/4. Calculate the highest common divisor of a and n.
6
Let m = 23 - 2